{"id":2033,"date":"2017-11-15T10:16:47","date_gmt":"2017-11-15T10:16:47","guid":{"rendered":"http:\/\/www.os10.ostrowwlkp.org\/?page_id=2033"},"modified":"2024-10-15T15:32:44","modified_gmt":"2024-10-15T14:32:44","slug":"osiedle","status":"publish","type":"page","link":"http:\/\/www.os10.ostrowwlkp.org\/?page_id=2033","title":{"rendered":"Wykaz ulic i mapa osiedla"},"content":{"rendered":"<table border=\"1\" cellspacing=\"0\" cellpadding=\"0\">\n<tbody>\n<tr>\n<td valign=\"top\" width=\"614\">\n<p align=\"center\">&#8212; STRONA INTERNETOWA AKTYWNA DO 2019 ROKU &#8212;<\/p>\n<p align=\"center\">&nbsp;<\/p>\n<p><strong>Osiedle Nr 10 &#8222;Parcele Zacharzewskie<\/strong>&#8221; \u2013 <span style=\"color: #000000;\"><span style=\"color: #000000;\">osiedle administracyjne Ostrowa Wielkopolskiego po\u0142o\u017cone w p\u00f3\u0142nocno-zachodniej cz\u0119\u015bci miasta.<\/span><\/span> <span style=\"color: #000000;\">Stanowi p\u00f3\u0142nocn\u0105 cz\u0119\u015b\u0107 zwyczajowej dzielnicy Zacharzew.<\/span>Od wschodu granica osiedla przebiega wzd\u0142u\u017c linii kolejowej, od po\u0142udnia ulicami ks. Skorupki i K\u0142osow\u0105, na zachodzie ul. Ceg\u0142ow\u0105 i przez pola a\u017c do ul. Rad\u0142owskiej, po stronie p\u00f3\u0142nocnej graniczy z terenem wsi Lewkowiec. Osiedle jest niejednorodne:&nbsp;<\/p>\n<p><span style=\"color: #000000;\">*cz\u0119\u015b\u0107 po\u0142udniowo-wschodnia, to wysoka zabudowa wielorodzinna (punktowce) przy ul. Dembi\u0144skiego, niska i wysoka zabudowa przemys\u0142owa i us\u0142ugowa (Zak\u0142ady Automatyki Przemys\u0142owej S.A., biurowce, oddzia\u0142 KRUS, Prokuratura Okr\u0119gowa i Rejonowa, siedziba Radia Eska);<\/span><\/p>\n<p><span style=\"color: #000000;\">*cz\u0119\u015b\u0107 p\u00f3\u0142nocno-zachodnia, zachodnia i po\u0142udniowa, tworzy du\u017cy zesp\u00f3\u0142 zabudowy jednorodzinnej. Nowa zabudowa dominuje na zachodzie i p\u00f3\u0142nocy, starsza na po\u0142udniu i wschodzie. Obejmuje najstarsz\u0105 cz\u0119\u015b\u0107 Zacharzewa (zachowana dawna zabudowa wiejska);<\/span><\/p>\n<p><span style=\"color: #000000;\">* cz\u0119\u015b\u0107 wschodnia i centralna, to teren dawnego lotniska (1914-1954) oraz zabudowa g\u0142\u00f3wnie us\u0142ugowa i przemys\u0142owo-sk\u0142adowa. Znajduje si\u0119 w niej r\u00f3wnie\u017c Baza Miejskiego Zak\u0142adu Komunikacji i PKS, Komenda Powiatowa Pa\u0144stwowej Stra\u017cy Po\u017carnej, centra handlowe (m.in. Biedronka, Intermarche, Lidl), Cmentarz i ko\u015bci\u00f3\u0142 rzymskokatolicki p.w. Naj\u015bwi\u0119tszego Zbawiciela.<\/span><\/p>\n<p><span style=\"color: #000000;\">Sie\u0107 uliczna na osiedlu (szczeg\u00f3lnie w cz\u0119\u015bciach zachodniej i po\u0142udniowej) tworzy regularne czworok\u0105ty, co jest skutkiem parcelacji (st\u0105d nazwa) dokonywanych w latach mi\u0119dzywojennych.<\/span><\/p>\n<p><span style=\"color: #000000;\">W zachodniej cz\u0119\u015bci znajdowa\u0142 si\u0119 w przesz\u0142o\u015bci Park Cesarza Wilhelma. P\u00f3\u0142nocn\u0105 cz\u0119\u015b\u0107 zajmuje Las Piaski (le\u015bnictwo Nowy Staw).<\/span><\/p>\n<p><span style=\"color: #000000;\">Spo\u015br\u00f3d starej najwarto\u015bciowszej zabudowy warto wymieni\u0107:<\/span><\/p>\n<p><span style=\"color: #000000;\">*&#8221;kopiec&#8221; w rejonie ulicy Wybickiego &#8211; o wys. 2 metr\u00f3w i szer. ok. 50 metr\u00f3w, kopiec jest z cz\u0119\u015bciowo zasypan\u0105 fos\u0105. W przesz\u0142o\u015bci by\u0142 to wa\u017cny w regionie o\u015brodek decyzyjny. W XIV wieku sta\u0142 tu drewniany budynek z palisad\u0105. W XV wzniesiono kolejny, r\u00f3wnie\u017c drewniany. Na prze\u0142omie XVII i XVIII wieku obiekt gruntownie przebudowano. Od XIX zacz\u0105\u0142 traci\u0107 na znaczeniu. Ostatecznie rozebrano go w latach 60. XX wieku. Obecnie jest to teren prywatny (szk\u00f3\u0142ka i hodowla kwiat\u00f3w);<\/span><\/p>\n<p><span style=\"color: #000000;\">*wille z lat mi\u0119dzywojennych, klasycyzuj\u0105ce i modernistyczne;<\/span><\/p>\n<p><span style=\"color: #000000;\">*szko\u0142a w dawnej wsi Zacharzew, z ko\u0144ca XIX wieku;<\/span><\/p>\n<p><span style=\"color: #000000;\">*kapliczka z pocz. XX wieku;<\/span><\/p>\n<p><span style=\"color: #000000;\">*gmachy Zak\u0142ad\u00f3w Automatyki Przemys\u0142owej, modernistyczne.<\/span><\/p>\n<p><span style=\"color: #000000;\">W p\u00f3\u0142nocno-zachodniej cz\u0119\u015bci osiedla znajduje si\u0119 obszar ochrony archeologicznej.<\/span><\/p>\n<p>&nbsp;<\/td>\n<\/tr>\n<\/tbody>\n<\/table>\n<p>&nbsp;<\/p>\n<p>&nbsp;<\/p>\n<p><strong><span style=\"text-decoration: underline;\">Wykaz ulic Osiedla Nr 10 \u201eParcele Zacharzewskie\u201d<\/span><\/strong><\/p>\n<ol>\n<li>gen. W\u0142adys\u0142awa Andersa<\/li>\n<li>gen. Romana Abrahama od ks. Ignacego Jana Skorupki do gen. W\u0142adys\u0142awa Andersa<\/li>\n<li>Piotra Bardowskiego<\/li>\n<li>Batorego<\/li>\n<li>Bema &#8211; od ul. ks. Ignacego Jana Skorupki do Przymiejskiej<\/li>\n<li>Marii Bojarskiej<\/li>\n<li>Bzowa<\/li>\n<li>Ceg\u0142owa<\/li>\n<li>Ch\u0142opickiego od ul. ks. Ignacego Jana Skorupki do Krotoszy\u0144skiej<\/li>\n<li>Czwartak\u00f3w<\/li>\n<li>Dembi\u0144skiego<\/li>\n<li>Dojazdowa<\/li>\n<li>Do\u017cynkowa<\/li>\n<li>Ewarysta Estkowskiego<\/li>\n<li>Miros\u0142awa Feri\u010da<\/li>\n<li>G\u0142owackiego &#8211; od ul. K\u0142osowej do Przymiejskiej<\/li>\n<li>Mariana Grze\u015bczyka<\/li>\n<li>Kazimierza Grze\u015bkowiaka<\/li>\n<li>prof. J\u00f3zefa Jachimka<\/li>\n<li>Marcina Kasprzaka<\/li>\n<li>Kasztanowa<\/li>\n<li>gen. Franciszka Kleeberga<\/li>\n<li>K\u0142osowa<\/li>\n<li>Stanis\u0142awa Konarskiego<\/li>\n<li>Konopna<\/li>\n<li>Koszykowa<\/li>\n<li>Franciszka Kowalskiego<\/li>\n<li>Krotoszy\u0144ska<\/li>\n<li>Stanis\u0142awa Kunickiego<\/li>\n<li>gen. Tadeusza Kutrzeby<\/li>\n<li>Lotnicza<\/li>\n<li>\u0141anowa<\/li>\n<li>\u0141\u0105kowa<\/li>\n<li>Walerego \u0141ukasi\u0144skiego<\/li>\n<li>Makowa<\/li>\n<li>Jana Maria\u0144skiego<\/li>\n<li>Romualda Mielczarskiego &#8211; od ul. ks. Ignacego Jana Skorupki do ul. Batorego<\/li>\n<li>M\u0142y\u0144ska<\/li>\n<li>Miodowa<\/li>\n<li>J\u00f3zefa Morissona<\/li>\n<li>Gabriela Narutowicza<\/li>\n<li>p\u0142k. Fr. Nullo<\/li>\n<li>O\u0142obocka<\/li>\n<li>Orzechowa<\/li>\n<li>Owsiana<\/li>\n<li>Micha\u0142a Ossowskiego<\/li>\n<li>Jana Pietrusi\u0144skiego<\/li>\n<li>Polna<\/li>\n<li>Powsta\u0144c\u00f3w \u015al\u0105skich<\/li>\n<li>Pozna\u0144ska<\/li>\n<li>Pradzy\u0144skiego od ul. ks. Ignacego Jana Skorupki do Krotoszy\u0144skiej<\/li>\n<li>Pszenna<\/li>\n<li>Przymiejska<\/li>\n<li>Kazimierza Pussaka<\/li>\n<li>Rad\u0142owska<\/li>\n<li>R\u0105bczy\u0144ska<\/li>\n<li>Rolna<\/li>\n<li>Rondo Republiki Ostrowskiej<\/li>\n<li>Rondo Zacharzewskie<\/li>\n<li>J\u00f3zefa Russka<\/li>\n<li>gen. Stanis\u0142awa Skalskiego<\/li>\n<li>Ks. Jana Ignacego Skorupki<\/li>\n<li>Sowi\u0144skiego od ul. ks. Ignacego Jana Skorupki do ul. Batorego<\/li>\n<li>Spacerowa<\/li>\n<li>Sporna<\/li>\n<li>Antoniego \u015amigla<\/li>\n<li>Stacha \u015awistackiego<\/li>\n<li>gen. Stanis\u0142awa Taczaka<\/li>\n<li>Traugutta od ul. ks. Ignacego Jana Skorupki do Stra\u017cy Po\u017carnej<\/li>\n<li>Krzysztofa Komedy Trzci\u0144skiego<\/li>\n<li>Trzcinowa<\/li>\n<li>Uroczysko<\/li>\n<li>Wiejska<\/li>\n<li>Wiklinowa<\/li>\n<li>Wybickiego od ul. ks. Ignacego Jana Skorupki do \u015awistackiego<\/li>\n<li>Romana i Henryka Zydorczak\u00f3w<\/li>\n<li>\u017b\u00f3\u0142kiewskiego<\/li>\n<\/ol>\n","protected":false},"excerpt":{"rendered":"<p>&#8212; STRONA INTERNETOWA AKTYWNA DO 2019 ROKU &#8212; &nbsp; Osiedle Nr 10 &#8222;Parcele Zacharzewskie&#8221; \u2013 osiedle administracyjne Ostrowa Wielkopolskiego po\u0142o\u017cone w p\u00f3\u0142nocno-zachodniej cz\u0119\u015bci miasta. Stanowi p\u00f3\u0142nocn\u0105 cz\u0119\u015b\u0107 zwyczajowej dzielnicy Zacharzew.Od wschodu granica osiedla przebiega wzd\u0142u\u017c linii kolejowej, od po\u0142udnia ulicami ks. Skorupki i K\u0142osow\u0105, na zachodzie ul. Ceg\u0142ow\u0105 i przez pola a\u017c do ul. Rad\u0142owskiej, [&hellip;]<\/p>\n","protected":false},"author":6,"featured_media":0,"parent":0,"menu_order":0,"comment_status":"closed","ping_status":"open","template":"","meta":{"ngg_post_thumbnail":0,"footnotes":""},"class_list":["post-2033","page","type-page","status-publish","hentry"],"_links":{"self":[{"href":"http:\/\/www.os10.ostrowwlkp.org\/index.php?rest_route=\/wp\/v2\/pages\/2033","targetHints":{"allow":["GET"]}}],"collection":[{"href":"http:\/\/www.os10.ostrowwlkp.org\/index.php?rest_route=\/wp\/v2\/pages"}],"about":[{"href":"http:\/\/www.os10.ostrowwlkp.org\/index.php?rest_route=\/wp\/v2\/types\/page"}],"author":[{"embeddable":true,"href":"http:\/\/www.os10.ostrowwlkp.org\/index.php?rest_route=\/wp\/v2\/users\/6"}],"replies":[{"embeddable":true,"href":"http:\/\/www.os10.ostrowwlkp.org\/index.php?rest_route=%2Fwp%2Fv2%2Fcomments&post=2033"}],"version-history":[{"count":24,"href":"http:\/\/www.os10.ostrowwlkp.org\/index.php?rest_route=\/wp\/v2\/pages\/2033\/revisions"}],"predecessor-version":[{"id":2756,"href":"http:\/\/www.os10.ostrowwlkp.org\/index.php?rest_route=\/wp\/v2\/pages\/2033\/revisions\/2756"}],"wp:attachment":[{"href":"http:\/\/www.os10.ostrowwlkp.org\/index.php?rest_route=%2Fwp%2Fv2%2Fmedia&parent=2033"}],"curies":[{"name":"wp","href":"https:\/\/api.w.org\/{rel}","templated":true}]}}